{"id":1367,"date":"2018-04-12T11:20:36","date_gmt":"2018-04-12T14:20:36","guid":{"rendered":"https:\/\/elosistemico.com.br\/ww2\/?page_id=1367"},"modified":"2024-01-10T01:15:32","modified_gmt":"2024-01-10T04:15:32","slug":"atendimentos-constelacoes-em-grupo-e-individuais","status":"publish","type":"page","link":"https:\/\/elosistemico.com.br\/ww2\/atendimentos-constelacoes-em-grupo-e-individuais\/","title":{"rendered":"Atendimentos: Constela\u00e7\u00f5es em grupo e individuais"},"content":{"rendered":"<div id='full_slider_1'  class='avia-fullwidth-slider main_color avia-shadow   avia-builder-el-0  el_before_av_submenu  avia-builder-el-first   container_wrap fullsize' style=' '  ><div   data-size='featured'  data-lightbox_size='large'  data-animation='slide'  data-conditional_play=''  data-ids='1302'  data-video_counter='0'  data-autoplay='false'  data-bg_slider='false'  data-slide_height=''  data-handle='av_slideshow_full'  data-interval='5'  data-class=' '  data-el_id=''  data-css_id=''  data-scroll_down=''  data-control_layout='av-control-default'  data-custom_markup=''  data-perma_caption=''  data-autoplay_stopper=''  data-image_attachment=''  data-min_height='0px'  data-src=''  data-position='top left'  data-repeat='no-repeat'  data-attach='scroll'  data-stretch=''  data-default-height='28.666666666667'  class='avia-slideshow avia-slideshow-1  av-control-default av-default-height-applied avia-slideshow-featured av_slideshow_full   avia-slide-slider ' ><ul class='avia-slideshow-inner ' style='padding-bottom: 20%;' ><li  class=' av-single-slide slide-1 ' ><div data-rel='slideshow-1' class='avia-slide-wrap '   ><img src='https:\/\/elosistemico.com.br\/ww2\/wp-content\/uploads\/2018\/04\/banners_1600x300v2_06-1500x300.jpg' width='1500' height='300' title='banners_1600x300v2_06' alt=''   \/><\/div><\/li><\/ul><\/div><\/div>\n<div class='clear'><\/div><div id='sub_menu1'  class='av-submenu-container socket_color  avia-builder-el-1  el_after_av_slideshow_full  el_before_av_one_full  av-sticky-submenu  submenu-not-first container_wrap fullsize' style='  z-index:301' ><div class='container av-menu-mobile-disabled '><ul id=\"menu-menu-secundario\" class=\"av-subnav-menu av-submenu-pos-center\"><li id=\"menu-item-1366\" class=\"menu-item menu-item-type-post_type menu-item-object-page menu-item-top-level menu-item-top-level-1\"><a href=\"https:\/\/elosistemico.com.br\/ww2\/constelacoes-familiares-sistemicas-as-novas-constelacoes\/\"><span class=\"avia-bullet\"><\/span><span class=\"avia-menu-text\">Constela\u00e7\u00f5es Familiares Sist\u00eamicas e as Novas Constela\u00e7\u00f5es<\/span><span class=\"avia-menu-fx\"><span class=\"avia-arrow-wrap\"><span class=\"avia-arrow\"><\/span><\/span><\/span><\/a><\/li>\n<li id=\"menu-item-1474\" class=\"menu-item menu-item-type-post_type menu-item-object-page menu-item-top-level menu-item-top-level-2\"><a href=\"https:\/\/elosistemico.com.br\/ww2\/cursos-e-workshops\/\"><span class=\"avia-bullet\"><\/span><span class=\"avia-menu-text\">Cursos e Workshops<\/span><span class=\"avia-menu-fx\"><span class=\"avia-arrow-wrap\"><span class=\"avia-arrow\"><\/span><\/span><\/span><\/a><\/li>\n<li id=\"menu-item-1526\" class=\"menu-item menu-item-type-post_type menu-item-object-page menu-item-top-level menu-item-top-level-3\"><a href=\"https:\/\/elosistemico.com.br\/ww2\/depoimentos\/\"><span class=\"avia-bullet\"><\/span><span class=\"avia-menu-text\">Depoimentos<\/span><span class=\"avia-menu-fx\"><span class=\"avia-arrow-wrap\"><span class=\"avia-arrow\"><\/span><\/span><\/span><\/a><\/li>\n<li id=\"menu-item-1277\" class=\"menu-item menu-item-type-post_type menu-item-object-page menu-item-top-level menu-item-top-level-4\"><a href=\"https:\/\/elosistemico.com.br\/ww2\/facilitadora\/\"><span class=\"avia-bullet\"><\/span><span class=\"avia-menu-text\">Elisete Zanlorenzi<\/span><span class=\"avia-menu-fx\"><span class=\"avia-arrow-wrap\"><span class=\"avia-arrow\"><\/span><\/span><\/span><\/a><\/li>\n<li id=\"menu-item-1279\" class=\"menu-item menu-item-type-post_type menu-item-object-page menu-item-top-level menu-item-top-level-5\"><a href=\"https:\/\/elosistemico.com.br\/ww2\/contato\/\"><span class=\"avia-bullet\"><\/span><span class=\"avia-menu-text\">Contato<\/span><span class=\"avia-menu-fx\"><span class=\"avia-arrow-wrap\"><span class=\"avia-arrow\"><\/span><\/span><\/span><\/a><\/li>\n<\/ul><\/div><\/div><div class='sticky_placeholder'><\/div><div id='after_submenu'  class='main_color av_default_container_wrap container_wrap fullsize' style=' '  ><div class='container' ><div class='template-page content  av-content-full alpha units'><div class='post-entry post-entry-type-page post-entry-1367'><div class='entry-content-wrapper clearfix'>\n<div class=\"flex_column av_one_full  av-animated-generic left-to-right  flex_column_div av-zero-column-padding first  avia-builder-el-2  el_after_av_submenu  avia-builder-el-no-sibling  \" style='border-radius:0px; '><div  style='padding-bottom:0px; ' class='av-special-heading av-special-heading-h5  blockquote modern-quote  avia-builder-el-3  avia-builder-el-no-sibling  '><h5 class='av-special-heading-tag '  >Atendimentos em  Constela\u00e7\u00f5es: agendamento  por WhatsApp: 11 986551995<\/h5><div class='special-heading-border'><div class='special-heading-inner-border' ><\/div><\/div><\/div><\/div>\n","protected":false},"excerpt":{"rendered":"","protected":false},"author":1,"featured_media":0,"parent":0,"menu_order":0,"comment_status":"closed","ping_status":"closed","template":"","meta":[],"_links":{"self":[{"href":"https:\/\/elosistemico.com.br\/ww2\/wp-json\/wp\/v2\/pages\/1367"}],"collection":[{"href":"https:\/\/elosistemico.com.br\/ww2\/wp-json\/wp\/v2\/pages"}],"about":[{"href":"https:\/\/elosistemico.com.br\/ww2\/wp-json\/wp\/v2\/types\/page"}],"author":[{"embeddable":true,"href":"https:\/\/elosistemico.com.br\/ww2\/wp-json\/wp\/v2\/users\/1"}],"replies":[{"embeddable":true,"href":"https:\/\/elosistemico.com.br\/ww2\/wp-json\/wp\/v2\/comments?post=1367"}],"version-history":[{"count":4,"href":"https:\/\/elosistemico.com.br\/ww2\/wp-json\/wp\/v2\/pages\/1367\/revisions"}],"predecessor-version":[{"id":1732,"href":"https:\/\/elosistemico.com.br\/ww2\/wp-json\/wp\/v2\/pages\/1367\/revisions\/1732"}],"wp:attachment":[{"href":"https:\/\/elosistemico.com.br\/ww2\/wp-json\/wp\/v2\/media?parent=1367"}],"curies":[{"name":"wp","href":"https:\/\/api.w.org\/{rel}","templated":true}]}}